 - 14. Give f(3).
34
Let r(l) = -l**2 - 6*l - 15. Determine r(-3).
-6
Let b(f) = -14*f - 30. Give b(-10).
110
Let v(d) = -2*d**2 + 18*d. What is v(11)?
-44
Let i(c) = 2*c - 13. What is i(9)?
5
Let u(s) = -s**2 + 35*s - 54. Calculate u(29).
120
Let b(d) = 13*d + 2. Determine b(-1).
-11
Let a(x) = x**3 - 12*x**2 - 18*x + 8. Give a(14).
148
Let m(z) = -z**2 + 7*z - 6. What is m(5)?
4
Let b(v) = -9*v + 2. Give b(-1).
11
Let u(l) = -3*l - 53. Determine u(-14).
-11
Let t(o) = -5*o + 52. What is t(20)?
-48
Let j(w) = -2*w**2 + 5*w - 5. What is j(4)?
-17
Let t(a) = -a**3 + 29*a**2 + 30*a - 2. Give t(30).
-2
Let p(g) = g + 2. Give p(3).
5
Let s(z) = z**3 + 15*z**2 + 16*z + 26. What is s(-14)?
-2
Let y(z) = -5*z - 47. Determine y(-10).
3
Let o(h) = -h**2 - 6*h - 3. Calculate o(-8).
-19
Let b(d) = d**3 - 5*d**2 - 10*d - 2. Calculate b(6).
-26
Let j(p) = -p**3 - 3*p**2 + 5*p - 3. What is j(-5)?
22
Let j(x) = -x**2 - 26*x - 69. Give j(-3).
0
Let u(n) = n - 18. Give u(21).
3
Let v(f) = -f**3 + 15*f**2 - 25*f + 2. Determine v(13).
15
Let i(j) = 2*j**3 + 96*j**2 - 101*j - 152. Give i(-49).
-5
Let j(h) = h**3 + 3*h**2 - 10*h - 2. Give j(-5).
-2
Let i(y) = y**2 - 2*y + 3. What is i(5)?
18
Let d(o) = -5*o + 32. Determine d(8).
-8
Let x(w) = -3*w + 46. What is x(8)?
22
Let m(z) = 3*z**2 - 6*z + 1. Calculate m(4).
25
Let u(y) = -2*y**2 + 30*y - 9. What is u(15)?
-9
Let d(b) = 4*b**2 - 114*b - 46. Determine d(29).
12
Let c(g) = g**3 - 53*g**2 + 2*g - 103. What is c(53)?
3
Let l(j) = -j + 9. What is l(5)?
4
Let p(v) = -3*v**2 - 44*v + 149. Determine p(3).
-10
Let u(p) = -2*p**2 + 5*p + 15. What is u(6)?
-27
Let o(w) = w**3 - 3. Determine o(2).
5
Let z(w) = w**2 - 2*w + 24. What is z(-10)?
144
Let z(a) = 5*a**2 - 2*a - 13. Determine z(-2).
11
Let o(n) = 3*n**3 + 11*n**2 + n - 5. Calculate o(-3).
10
Let k(c) = c**3 + 20*c**2 - 21*c + 7. What is k(-21)?
7
Let o(q) = 4*q + 6. Calculate o(-6).
-18
Let u(s) = 13*s**3 - 4*s**2 + s + 6. Determine u(2).
96
Let n(l) = 117*l - 595. What is n(5)?
-10
Let a(j) = j**2 + 3. Calculate a(3).
12
Let k(o) = 4*o + 24. What is k(6)?
48
Let p(b) = 4*b - 22. What is p(5)?
-2
Let k(v) = -v**3 + 33*v**2 - 2*v + 47. Calculate k(33).
-19
Let i(h) = 8*h + 14. Give i(8).
78
Let h(l) = 8*l + 42. Give h(-4).
10
Let u(g) = g**2 - 2*g - 4. Calculate u(5).
11
Let v(g) = 8*g - 10. What is v(7)?
46
Let y(r) = r + 2. Determine y(-14).
-12
Let s(k) = -k**2 + 13*k + 7. Calculate s(14).
-7
Let s(q) = q - 2. Calculate s(1).
-1
Let q(b) = 2*b**2 - 6*b + 2. Calculate q(1).
-2
Let f(w) = -7*w - 29. Determine f(-2).
-15
Let i(y) = 20*y - 1. Determine i(-3).
-61
Let y(m) = m**3 + m**2 + 1. Calculate y(3).
37
Let j(o) = o**2 + 4*o + 2. Give j(-6).
14
Let b(a) = a**3 - 9*a**2 + 5*a - 1. What is b(8)?
-25
Let g(l) = -l**3 + 9*l**2 - 20*l + 3. What is g(6)?
-9
Let u(j) = -j**3 + 19*j**2 + 22*j - 57. What is u(20)?
-17
Let c(h) = -h**3 + 6*h**2 - 2*h - 6. Give c(6).
-18
Let x(r) = r**3 - 5*r**2 - 5*r - 12. Give x(6).
-6
Let o(k) = -11*k**3 + 3*k**2 + 5*k + 3. Give o(-1).
12
Let q(g) = g + 7. Give q(-15).
-8
Let j(m) = -4*m + 38. Calculate j(14).
-18
Let j(k) = -71*k - 358. What is j(-5)?
-3
Let q(l) = -l**2 + 8*l + 8. What is q(7)?
15
Let q(i) = -i + 2. Calculate q(4).
-2
Let q(c) = -6*c**2 - 2*c - 1. What is q(-1)?
-5
Let q(l) = -l**3 - 5*l**2 - l + 8. Give q(-5).
13
Let k(i) = i**2 + 21*i + 120. Calculate k(-11).
10
Let k(u) = u**3 - 9*u**2 + 2*u - 24. What is k(7)?
-108
Let y(u) = 9*u - 33. What is y(3)?
-6
Let p(u) = -u**3 - 10*u**2 - 10*u - 22. Determine p(-9).
-13
Let s(o) = -41*o + 7. Calculate s(2).
-75
Let o(c) = c**3 - 2*c**2 - 118*c - 19. Give o(12).
5
Let o(j) = -j**2 - 27*j + 185. What is o(-32)?
25
Let v(c) = -3*c**2 + 3*c - 2. Give v(1).
-2
Let d(b) = -b**3 + 8*b**2 + b + 22. What is d(9)?
-50
Let l(d) = -d**3 + 15*d**2 + 17*d. Calculate l(16).
16
Let a(s) = 2*s**2 + s + 13. What is a(0)?
13
Let w(x) = 39*x + 43. Calculate w(-1).
4
Let v(z) = -2*z**2 - 48*z - 81. Calculate v(-22).
7
Let j(o) = 7*o**2 + o - 3. Calculate j(1).
5
Let g(o) = -7*o - 10. What is g(-5)?
25
Let a(n) = -n**2 - 4*n + 2. Determine a(-6).
-10
Let h(a) = a**3 - 8*a**2 - 10*a. Calculate h(9).
-9
Let g(c) = c**3 - 2*c**2 - 8*c + 2. Determine g(3).
-13
Let p(n) = n**2 - 18*n + 16. Give p(9).
-65
Let t(m) = m**3 - 9*m**2 - 9*m - 9. Determine t(10).
1
Let u(k) = k**3 - 8*k**2 + 12*k + 8. What is u(4)?
-8
Let l(y) = y + 33. Determine l(0).
33
Let i(b) = -2*b**2 - 9*b - 13. Calculate i(-5).
-18
Let w(t) = 2*t + 7. What is w(-3)?
1
Let u(d) = d**3 - 7*d**2 - 6*d + 20. Give u(8).
36
Let d(i) = 9*i**2 + 2*i - 2. Calculate d(1).
9
Let g(f) = -f**3 + 21*f**2 - 37*f - 2. Determine g(19).
17
Let x(s) = s**3 + 5*s**2 + 3*s + 5. Determine x(-5).
-10
Let g(x) = x**3 + x - 6. What is g(0)?
-6
Let x(i) = 5*i. Calculate x(6).
30
Let q(s) = -7*s - 16. Calculate q(-3).
5
Let w(i) = i**3 + 11*i**2 + 22*i - 14. Determine w(-7).
28
Let n(x) = -x + 11. Give n(0).
11
Let v(r) = -r**2 - 25*r + 47. What is v(-27)?
-7
Let h(u) = -10*u**3 - u**2 + 2. What is h(1)?
-9
Let b(x) = 3*x**2 - x - 3. Determine b(2).
7
Let j(b) = 5*b - 56. Determine j(12).
4
Let i(b) = -35*b + 276. What is i(9)?
-39
Let w(p) = -8*p + 3. Give w(3).
-21
Let q(b) = -b**3 + 13*b**2 + 31*b - 3. Give q(15).
12
Let l(z) = z**3 + 15*z**2 - 17*z - 22. What is l(-16)?
-6
Let j(h) = h**2 + 14*h + 38. Determine j(-9).
-7
Let a(t) = 8*t + 2. What is a(4)?
34
Let r(t) = -23*t + 115. Give r(5).
0
Let h(m) = -m**2 + m. Determine h(-3).
-12
Let k(x) = -x**3 - 14*x**2 - x - 11. Calculate k(-14).
3
Let d(n) = 3*n - 7. Give d(-3).
-16
Let y(g) = 2*g - 45. Calculate y(19).
-7
Let q(l) = -57*l + 345. Determine q(6).
3
Let i(b) = -2*b**3 - 15*b**2 - 11*b - 21. What is i(-7)?
7
Let r(t) = 22*t + 30. What is r(-1)?
8
Let f(i) = 55*i**3 - i**2 + i. Determine f(1).
55
Let i(z) = -z**2 - 4*z + 3. What is i(-5)?
-2
Let q(o) = o**2 - 33*o - 111. Give q(-3).
-3
Let y(j) = 3*j**2 + 41*j + 65. Calculate y(-12).
5
Let f(u) = 3*u. Calculate f(5).
15
Let f(q) = q**3 + 8*q**2 - 20*q + 1. Calculate f(-10).
1
Let q(h) = h**3 + 25*h**2 - 57*h - 59. Calculate q(-27).
22
Let i(b) = -b**2 - 4*b + 7. Calculate i(2).
-5
Let c(k) = 22*k - 68. Give c(3).
-2
Let q(d) = 9*d - 79. Calculate q(9).
2
Let c(u) = -u - 4. Determine c(0).
-4
Let h(w) = -2*w - 3. Determine h(5).
-13
Let x(s) = -s + 10. What is x(0)?
10
Let v(w) = -w**2 + 4*w + 6. Give v(6).
-6
Let w(o) = -6*o + 68. What is w(12)?
-4
Let v(s) = -4*s - 16. Determine v(-5).
4
Let b(p) = -5*p**3 - p**2 - p - 5. Give b(0).
-5
Let p(c) = c + 16. Determine p(-18).
-2
Let z(f) = f**3 + 5*f**2 - f + 6. Determine z(-5).
11
Let a(f) = 3*f**2 + 20*f + 13. Give a(-5).
-12
Let c(i) = -7*i - 3. Calculate c(-4).
25
Let d(i) = 4*i - 11. What is d(18)?
61
Let n(g) = g**3 - 2*g**2 - 2*g - 3. Calculate n(3).
0
Let o(p) = 11*p - 35. What is o(-9)?
-134
Let b(h) = 3*h**2 - 4*h + 3. Calculate b(3).
18
Let f(a) = -a - 6. What is f(6)?
-12
Let d(o) = -2*o**2 + 56*o + 42. Give d(29).
-16
Let f(d) = 8*d + 191. Give f(-23).
7
Let p(n) = -n**3 - 17*n**2 - n + 11. Give p(-17).
28
Let p(r) = r**3 - 25*r**2 + 23*r + 20. Give p(24).
-4
Let m(v) = v**3 - 20*v**2 - 23*v + 23. What is m(21)?
-19
Let j(r) = -2*r**2 + r + 7. Calculate j(-5).
-48
Let a(t) = -54*t + 98. What is a(2)?
-10
Let v(c) = -2*c - 5. What is v(-5)?
5
Let j(g) = 4*g - 10. Give j(4).
6
Let k(y) = y**2 + 17*y + 28. What is k(-15)?
-2
Let h(f) = -86*f**2 - 2*f. What is h(-1)?
-84
Let s(c) = 50*c - 5. Give s(2).
95
Let j(w) = -2*w - 3. Give j(-1).
-1
Let r(b) = b - 18. Determine r(1).
-17
Let t(k) = k**3 - 5*k**2 - 12. Give t(5).
-12
Let c(r) = r + 2. Give c(-3).
-1
Let l(j) = 2*j**2 - 5*j + 2. What is l(2)?
0
Let m(n) = n - 15. Give m(11).
-4
Let i(n) = 5*n**3 - 2*n**2 - n - 1. Give i(2).
29
Let a(y) = 7*y + 12. What is a(-9)?
-51
Let r(n) = -5*n**2 - 24*n + 8. What is r(-5)?
3
Let y(a) = 5*a - 18. Calculate y(8).
22
Let g(k) = 6*k**2 + 4*k + 2. What is g(-2)?
18
Let q(j) = 4*j - 17. Determine q(6).
7
Let c(t) = t**3 + 6*t**2 + 3*t + 3. Give c(-5).
13
Let i(o) = o**3 + 18*o**2 + 18*o + 7. Give i(-17).
-10
Let z(d) = -d**3 - 15*d**2 - 15*d - 19. Give z(-14).
-5
Let g(c) = 38*c**2 + 2*c + 3. Give g(-1).
39
Let k(l) = l**3 - 3*l**2 + l - 1. Determine k(4).
19
Let n(m) = 2*m - 33. What is n(1